(11/(-8))/(2/8)*-22. Let p = 10 - c. Let d = p - -215. What is the tens digit of d?
0
Let t(c) = 39*c**2 - 12*c - 1. Let v be t(5). Suppose -6*j + v + 1552 = 0. What is the hundreds digit of j?
4
Suppose -m - 5*c = 5, -5*c - 13 = -3*m - 6*c. Suppose 4*n + 5 = m*n. What is the units digit of 16/n*2 + (-45)/(-75)?
7
Let n = 14 + -16. Let d(u) = 271*u**2 + 18*u + 25. What is the hundreds digit of d(n)?
0
Suppose 4*n - 7*n + l = -2065, 3*l = 2*n - 1372. Let k = 95 + n. What is the tens digit of k?
8
Let k = -228 - -227. Let x(y) = 1308*y**2 - 3*y - 3. What is the hundreds digit of x(k)?
3
Let d(m) = -105*m**3 + 12*m**2 - 10*m - 44. What is the hundreds digit of d(-4)?
9
Let w(x) = 3*x**3 + 37*x**2 - 24*x - 21. Let p(l) = 4*l**3 + 55*l**2 - 36*l - 32. Let m(g) = 5*p(g) - 7*w(g). What is the hundreds digit of m(14)?
2
Suppose 0 = -9*k + 25 - 511. Let y = k + 48. What is the tens digit of (4/6)/(y/(-621))?
6
Suppose 1572 = b - 5*g, 4*g - g = -3*b + 4644. Suppose -38*o = -34*o - b. What is the units digit of o?
8
Let z(n) = 2*n**2 - 3*n + 5. Let h be z(2). Suppose 4*i - 858 = 2*t, 0 = h*i - 3*i. What is the units digit of (t/6)/11*13*-2?
9
Suppose j + 2*n + 5 = 0, -2*j - 2*n + 2 = -n. Suppose -4*p + 730 = -2*f, -359 = p - j*p + 3*f. What is the tens digit of p?
8
Let t = 78 + -83. Let z(j) = -3*j - 2. Let g(i) = i + 1. Let q(n) = 17*g(n) + 6*z(n). What is the tens digit of q(t)?
1
Suppose 5663 = -12*b + 10*b + n, 0 = -3*b + 3*n - 8493. Let t = b + 4289. What is the hundreds digit of t?
4
Let p be (13/(-2))/((-12)/504). What is the hundreds digit of -1 + p + (0/1 - 3)?
2
Let q = -321 + 327. Suppose -q*t = -5553 - 807. What is the units digit of t?
0
Suppose -60 = -g - 11. Let h = -47 + g. Suppose 4 = y + 3*b, 0*y - 8 = -h*y + 3*b. What is the units digit of y?
4
Let n(g) = -1007*g - 1919. What is the tens digit of n(-28)?
7
Let r be (-5 - -7)*(1/(-2) - -1). Let i be r/9 - (-568)/72. Suppose -i*h + 10*h - 88 = 0. What is the units digit of h?
4
What is the units digit of (35/4 + -9)/(10/(-355920))?
8
Suppose -1 = 5*h - s + 4, 0 = -h + 3*s - 15. Let b be 2 - (-388 + (2 - h)). Let w = -266 + b. What is the hundreds digit of w?
1
Let t(i) = 49*i**2 + 4*i**3 - 4*i + 2 + 13 - 42*i**2. Let s(n) = n**3 + n**2 + 1. Let w(f) = -3*s(f) + t(f). What is the units digit of w(-5)?
7
Suppose -5*q = -5*h - 139780, -5*q + 120671 = 2*h - 19172. What is the thousands digit of q?
7
Let d be 48/(-8) + (-49)/7. Let i(a) = -115*a + 235. What is the hundreds digit of i(d)?
7
Let z = 137 - 92. Let l = z + -4. Suppose -43*j = -l*j - 74. What is the tens digit of j?
3
What is the thousands digit of 1137*(2 + -11)/(-9)?
1
Let k(d) = -7*d**3 - 15*d**2 - 11*d - 8. Let n(t) = -t**3 + 1. Let l(z) = k(z) - 5*n(z). What is the units digit of l(-7)?
5
Let f(i) = -i**3 + 13*i**2 + 14*i - 1. Let p be f(14). Let l be (-96)/(-64)*(p + 2/(-2)). What is the units digit of -1 - (l - (4 - -80))?
6
Suppose -2*k + 3 + 1 = 5*p, -4*k + 3*p + 8 = 0. Let l be k/4 + 142/4. Suppose 0 = 4*y - 3*y - l. What is the units digit of y?
6
Let k be (-5 - 11)*(-207)/12. Let a = 946 - k. What is the hundreds digit of a?
6
Let s = -10056 - -27132. What is the ten thousands digit of s?
1
Let r = 135 - 149. What is the hundreds digit of 4/r - -2*1493/14?
2
Let p(b) be the second derivative of -373*b**3/3 - 63*b**2/2 - 11*b. What is the units digit of p(-2)?
9
Let v(c) = 12*c**2 - 30*c + 154. What is the thousands digit of v(-25)?
8
Let l(b) = 85*b + 43. Suppose 136*f - 14 = 134*f. What is the units digit of l(f)?
8
Let r = -94 + 632. Suppose 11*z + 1915 = -2254. Let b = r + z. What is the tens digit of b?
5
Suppose -59792 + 49282 = 21*p - 806557. What is the thousands digit of p?
7
Let o(q) = -q**3 + 15*q**2 - 12*q + 114. Suppose 0 = -4*j - 4*w + 44, -2*j + 6*w + 27 = 3*w. What is the hundreds digit of o(j)?
4
Let p be (-6)/(-2) - 4 - (4 + -7). Suppose 560 + 196 = -3*m + 3*w, p*m + 5*w + 504 = 0. Let h = m - -463. What is the units digit of h?
1
Let h(a) = a**3 - 10*a**2 + 7*a + 20. Let u be h(9). Suppose 5*t = 4*l - l - 18, 0 = u*l + 5*t + 13. What is the units digit of l?
1
Let r(a) = 92*a - 65. Let b be r(25). Let o = b + -331. What is the units digit of 10/(-25) - (0 + o/(-10))?
0
Suppose 14*a = -4*a - 162. Let q = a + 343. What is the tens digit of q?
3
What is the thousands digit of (32227 + (-3 - 1))/(1/2)?
4
Let i(w) = -95*w**3 + 10*w**2 - 6*w - 16. What is the tens digit of i(-4)?
4
Let o = 762 + 366. Suppose 2*p + o = 3*b - 2*p, b + p - 376 = 0. What is the tens digit of b?
7
Suppose 116*u - 13088 = 108*u. What is the units digit of u?
6
Suppose 3800 = 9*k + 11*k. Suppose 0 = -9*t + 53 + k. What is the tens digit of t?
2
Suppose 320085 = 73*j - 50755. What is the hundreds digit of j?
0
Let c(r) = -r**3 - 15*r**2 - 5*r - 34. Let k be c(-18). Suppose 9*j - k = 5047. Suppose 4*d - 408 = 4*n, j - 181 = 5*d - n. What is the tens digit of d?
9
Suppose m - 5*x - 1532 = 0, 4*m = -0*x + 3*x + 6128. Suppose -406 - m = -6*b. What is the hundreds digit of b?
3
Let d = -226 + 231. Let z(r) = 17*r**2 - 10*r - 5. What is the hundreds digit of z(d)?
3
Suppose 27*w - 128 - 250 = 0. Let f(z) = 15*z - 9. Let l(m) = -m. Let k(r) = f(r) + 4*l(r). What is the hundreds digit of k(w)?
1
Let p = -1244 - -1767. Suppose -3*z - 2*x - 327 = 0, 5*z - x = 3*x - p. Let f = -62 - z. What is the tens digit of f?
4
Suppose 0 = -12*w + 13*w - 5. Suppose 3*m + 3 = 0, w*m - 359 = -s + 2*m. What is the tens digit of s?
6
Suppose -204*a + 658752 = -108*a. What is the units digit of a?
2
Suppose 82 - 46 = -3*j. Let b = j + 92. What is the tens digit of (b/(-1))/5*-2?
3
What is the hundreds digit of 4/(-11) + 1079547/231?
6
Suppose -2*s - 5 = -2*h - 21, 4*h + 5*s + 14 = 0. What is the units digit of -2 - (-15)/6 - 93/h?
6
Let u(c) = 1442*c**3 + 14 + 13*c**2 + 1 - 15*c - 1441*c**3. Suppose -16 = g - 2. What is the tens digit of u(g)?
2
Suppose 3*z + 24 = 4*i, 4*z + 9 = -i + z. Let h = i + 1. What is the tens digit of 1 - (-76 - (-2 + h))?
7
Let x(g) = -4*g**2 - 22*g - 121. Let a(d) = 5*d**2 + 21*d + 116. Let v(o) = -3*a(o) - 4*x(o). What is the units digit of v(-7)?
0
Suppose 0 = 282*q + 326*q - 19854848. What is the ten thousands digit of q?
3
What is the hundreds digit of (17 + -20)*(-4 + -2891 + 0)?
6
Suppose 0 = u - 5*o + 2*o + 507, 5*u + 2*o = -2518. Let p = 711 + u. What is the tens digit of p?
0
Suppose 3*v = -15, 5*v = u - 119 + 5. Suppose -26*b + 27*b - u = 0. Suppose -8*o - b = -9*o. What is the tens digit of o?
8
Let s(t) = -t**3 - 22*t**2 - 19*t + 45. Let z be s(-21). Let u(d) = 4*d**3 + 3*d**2 - d + 7. What is the units digit of u(z)?
9
Suppose -4*t + 42686 = 2*c - 0*c, 0 = -t - 2*c + 10667. What is the tens digit of t?
7
Let y(b) = 176*b**2 + 1185*b + 37. What is the tens digit of y(-15)?
6
Let d(i) be the first derivative of 1/3*i**3 - 3/2*i**2 + 7 - 16*i. What is the units digit of d(-10)?
4
Let j = 15 + -14. Let d(k) = 16*k**3 - k**2 - 2*k + 2. Let a be d(j). Suppose -85 + a = -2*z. What is the units digit of z?
5
Let l be (-4)/10 + (-27)/(-5). Let b = -502 - -502. Suppose b*p + l*p = 515. What is the units digit of p?
3
Suppose -4*m - 16 = 0, -5*t = -4*m - 12063 - 39933. What is the hundreds digit of t?
3
Suppose -3*l + 2*k = -236, -2*k + 0*k = 3*l - 220. Suppose -392 = -2*u + l. Suppose -u = -9*a + 7*a. What is the units digit of a?
7
Let w = -44 - -40. Let x be 6/w*(-48)/18. What is the units digit of -6 + x + 53 + -1?
0
Let u(a) = -a**3 - 39*a**2 + 15*a + 389. What is the tens digit of u(-40)?
8
Suppose 3*z - 15 = 0, 0 = -2*b - 31*z + 27*z + 1686. What is the hundreds digit of b?
8
Suppose 6*j + 8 = 92. Let r(d) = -134*d**3 - j + 10*d**2 + 135*d**3 + 6*d + 4*d. What is the tens digit of r(-6)?
7
Let t(j) = 265*j**2 - 6*j + 184. What is the tens digit of t(-12)?
1
Let u = -5 - -33. Suppose -d - 23 = 5*z, 4*d = 4*z - 0 + u. What is the hundreds digit of (d + -4)/(2/(-106))?
1
Suppose 3*h + 51 = 147. Let k = h + -36. Let j = k - -178. What is the hundreds digit of j?
1
Suppose 0 = b + b - 4. Let h be ((-36)/15)/(14/35). What is the tens digit of (b + 0)*1*(-57)/h?
1
Let p = -70 + 113. Let q = p + -39. Suppose 0 = 3*f - m - 418, -4*m + 235 + 317 = q*f. What is the tens digit of f?
3
Let i(n) be the first derivative of 361*n**3